ppose 0*f + 9 = -f. Let k be s(f). What are the prime factors of 1*28 - -1 - k?
31
Suppose -3*s = 3*s - 6. Suppose -4*m - 7 = 2*d - 1, -2*d - s = -m. Let j(z) = -29*z + 1. What are the prime factors of j(m)?
2, 3, 5
Suppose 0*g + 5*g + 3*d = 1085, 4*g = -2*d + 870. Suppose w + 5*p = g, 0 + 2 = p. What are the prime factors of w?
2, 3, 5, 7
Let s be (-384)/16*(26/(-6) + 1). Suppose 42 = 3*m + t - s, -3*t = -2*m + 96. List the prime factors of m.
2, 3, 7
Let p(u) = -9*u**2 + 7*u + 16. Let x(f) = 19*f**2 - 15*f - 33. Let t(q) = -9*p(q) - 4*x(q). What are the prime factors of t(-4)?
2, 5
Let i be (-13)/(52/(-48)) - 0. Let s be (27 + -1)*(i - 2). List the prime factors of -5*(s/(-25) + -4).
2, 3
Let b(n) = -5*n**3 + 9*n**2 + 15*n - 3. What are the prime factors of b(-5)?
2, 193
Let u = -21 + 35. Let o = 16 - u. Suppose o*f + 0*i - 88 = -2*i, -2*f + 4*i + 64 = 0. What are the prime factors of f?
2, 5
Let o(c) = 6*c + 1. Let z be o(4). Suppose -5*r = -4*u - 2058, -3*u - 812 = -2*r - 7*u. List the prime factors of r/z + 2/(-5).
2
Let n(z) = -z**2 - 4*z + 10. Let d be n(-5). Suppose d*b - 3*l = 261, 66 + 77 = 3*b + 5*l. What are the prime factors of b?
3, 17
Let g(m) be the first derivative of -6 - 9*m + 5/2*m**2 + 1/3*m**3. List the prime factors of g(-8).
3, 5
Let a = 301 - 422. Suppose 47*n - 4301 = 24*n. Let k = a + n. List the prime factors of k.
2, 3, 11
Suppose 5 = 8*m - 3*m. Let o(a) = -a**2 - 4*a + 18. Let p be o(3). What are the prime factors of 16/(7 + p) + m?
5
Suppose -4*h + 12 = -12. List the prime factors of (-28 - -6)/((-3)/h).
2, 11
Let w be 117/54 - 2/12. What are the prime factors of w*(2 - 75/(-6))?
29
Let g = -132 - -311. List the prime factors of g.
179
Suppose -4*k + 5 = -7. Suppose -23 - 31 = k*u. List the prime factors of 5/(2 - u/(-10)).
5
Let k(x) = -x**3 - 5*x**2 + 5*x - 5. Let g be k(-6). What are the prime factors of 6 + (0/g)/1?
2, 3
What are the prime factors of (8 - -301)*6/9?
2, 103
Suppose 11 + 136 = 7*w. Suppose 0 = -w*l + 18*l + 159. List the prime factors of l.
53
Suppose -292 = -2*w + 7*z - 3*z, -w = z - 131. Suppose 2*q - 2*t - w = 0, -6*q - 4*t = -7*q + 80. What are the prime factors of q?
2
Suppose -6428 = -4*l + 4*i, -20*l + 14*l = 3*i - 9669. List the prime factors of l.
2, 5, 7, 23
Suppose l = -4*j + 3*j + 42, 2*l = 5*j - 175. Let p = j - 14. Let q = p - -4. List the prime factors of q.
3
Suppose 24*m - 21*m - 129 = 0. Suppose -3*p = -322 + m. List the prime factors of p.
3, 31
Let i be 9*(3 + 11/(-3)). List the prime factors of (i - -19)/(2/14).
7, 13
Suppose 0 = 4*y - 260. Suppose -3 + y = 2*p. List the prime factors of p.
31
Let l(o) = -o**3 - 8*o**2 + 8*o - 6. Let v be l(-9). Suppose v*k + 4*j + 73 = 0, -3*k - 2*k + 4*j = 79. What are the prime factors of k/(3*1/(-6))?
2, 19
Let m(x) be the third derivative of -x**6/120 - x**5/10 + x**4/4 + x**2. Let c be m(-8). Suppose 0 = 5*v - c + 25. List the prime factors of v.
11
Suppose -m = -2957 - 1737. List the prime factors of m.
2, 2347
Let t = -220 + 63. Let d = 321 + t. List the prime factors of d.
2, 41
What are the prime factors of (-705 + -11)/(-2 + (-66)/(-36))?
2, 3, 179
Suppose 7*k = 11*k - 8. Suppose 5*a - 4*y = k, -4*a - 5*y - 9 = -27. Suppose 0 = -2*g + 4*c + 68, -33 + 139 = 4*g - a*c. List the prime factors of g.
2, 3
Suppose x = -3*s - 20, 0*x - 5*s - 38 = 2*x. Let f(i) = 24*i**2 - 25*i**2 - 6 - 15*i - 3. What are the prime factors of f(x)?
5
Suppose 5*i - 3 = 2. Suppose -s + 1892 = -12*s. What are the prime factors of i*4/(-16)*s?
43
Suppose 0 = -10*h - 22*h + 65856. List the prime factors of h.
2, 3, 7
Suppose 12 = 3*b, 4 = -2*u - 3*b + 26. Suppose 16 = u*y + 4*k, -5*k = -2*y - 11 - 9. Suppose y = 3*r - 2*s + s - 43, -3*s = -6. What are the prime factors of r?
3, 5
Let q = -7036 - -9909. List the prime factors of q.
13, 17
Let k = 8 + -4. Suppose 114 = w + 2*w + k*o, w - 38 = -3*o. List the prime factors of w.
2, 19
Let m = -112 + -7. Let c = -66 - m. What are the prime factors of c?
53
Let v(m) = -m + 6. Let x(p) = p - 7. Let u(f) = -5*v(f) - 4*x(f). Suppose 485*j + 21 = 488*j. List the prime factors of u(j).
5
Let t(k) = 18 + 1 + 4*k + 4. List the prime factors of t(11).
67
Let b = -1363 + 4591. List the prime factors of b.
2, 3, 269
List the prime factors of 9*347/6*4/6.
347
Suppose -210*p = -204*p - 312. List the prime factors of p.
2, 13
Let n(l) = 3*l - 5. Let j be n(4). Suppose u + 3*q + j = 0, q = -5*u + 2*q + 13. Suppose -u*w = 15 - 57. List the prime factors of w.
3, 7
Let c = -254 + 156. List the prime factors of (-1)/(3 - c/(-32)).
2
Suppose 29*i + 4 = 31*i. Suppose -4*n = -x + 110, 0 = -3*x + 5*n - i*n + 357. List the prime factors of x.
2, 61
Let y(c) = 6*c - 126. Let n be y(23). Suppose -2*m = 20 - 150. Suppose n*a - 13*a = -m. What are the prime factors of a?
5, 13
Let n(v) = -v**2 + 7*v - 5. Let b be n(-7). Let c be (180/3)/((-3)/3)*1. Let m = c - b. What are the prime factors of m?
43
Suppose 16*b + 12645 = 50597. What are the prime factors of b?
2, 593
Let g(r) = -3*r**3 + 4*r**2 + 5*r - 3. Let c(w) = w**3 - w**2 + 2*w - 4. Let x be c(0). List the prime factors of g(x).
233
Suppose 10 = -0*z + 5*z. Let h be 4*(z + -2 - -3). List the prime factors of (-162)/(-8) + 9/h.
3, 7
List the prime factors of (-1895810)/(-1078) - (-4)/11.
1759
Suppose -z + 5*v = -100, -3*z + 135 = -4*v - 176. List the prime factors of z.
3, 5, 7
Let t(c) be the second derivative of c**4/3 - c**3/6 - 2*c**2 - 8*c. What are the prime factors of t(4)?
2, 7
Let a be (10/(-8))/((-6)/24). Suppose a*r - d - 154 = r, -4*d - 148 = -4*r. List the prime factors of r.
3, 13
Let v = -1002 + 1490. List the prime factors of v.
2, 61
Suppose 4*i - 170 = 9*i. Let r = -27 - i. List the prime factors of r.
7
Let o = 705 - -1507. List the prime factors of o.
2, 7, 79
Suppose 2 = -3*g + 8. Let p(y) = -5*y**g + 0*y + 3*y - 2 + 3*y**2 + y**3. List the prime factors of p(3).
2
Let z(c) = -49*c - 2. Let m be z(-2). Suppose 2*w = 2*k + 46 + 48, -w = -5*k - 39. Let t = m - w. What are the prime factors of t?
47
Let g be (-38)/8 + 5/(-60)*3. List the prime factors of 2*26/(-4)*g.
5, 13
Suppose -3*s + 3 = -0. Let r = 14 + -9. Suppose 51 - s = r*d. What are the prime factors of d?
2, 5
Let o(t) = -80*t - 1. Let g be o(1). Let w = g - -134. List the prime factors of w.
53
Let l = 3 + -5. Let k(q) = q**3 + 4*q**2 + q - 4. Let g be k(l). Suppose 3*h = g*h + 8. List the prime factors of h.
2
Let z(y) = -y**3 + 13*y**2 + y - 2. Let o be z(13). Let u(c) = o*c + 11 + 0 - 10*c + 1. List the prime factors of u(-7).
5
Let m = 580 - 353. What are the prime factors of m?
227
Let g(r) be the second derivative of r**5/20 + 11*r**4/12 + 11*r**3/6 + 8*r**2 + 8*r. List the prime factors of g(-9).
79
Suppose 0 = -2*u + 4*i - 12, 14 = 2*i + 4. Suppose 0*o - 2*o - 225 = 5*n, -u*n - o = 180. List the prime factors of (-568)/(-15) - 6/n.
2, 19
Suppose -4*r = -27 + 11. Suppose -10 = r*t - 14. List the prime factors of t + (59 - (-12)/(-3)).
2, 7
Let l(o) = -o**2 + 14*o - 13. Let s be l(13). Let v(h) = -h**3 - 4*h**2 - 2*h - 8. Let m be v(-4). Suppose s = -q - m*q + 40. List the prime factors of q.
2, 5
Let x(d) = 4*d + 14. Let v = -29 + 23. Let a be x(v). What are the prime factors of ((-12)/a)/(4/70)?
3, 7
Suppose 3*d - 4 = -d. Let z(p) = -14*p + 1. Let m be z(d). Let k = m - -30. List the prime factors of k.
17
Suppose 0*d = -5*r - 2*d + 188, 3*d - 84 = -2*r. Let x(f) = -5 + r*f + 0 - 12*f. List the prime factors of x(2).
43
Let w(q) = 3*q**3 - 7*q**2 - 3*q - 25. What are the prime factors of w(7)?
2, 5
Suppose 2*i - 4028 = -5*h, 5*i - 2*h - 10070 = 2*h. List the prime factors of i.
2, 19, 53
Let c be 3/18 - (-4)/(-24). Let q = c + 4. Let u = q - 1. What are the prime factors of u?
3
Let v(i) = i + 1. Let j(k) = -5*k**2 - 3*k + 10. Let z(m) = -j(m) + 2*v(m). List the prime factors of z(-6).
2, 71
Let t be (-21 + 21)*2/8. Suppose p + 5*p - 816 = t. List the prime factors of p.
2, 17
Let g = 504 - -1855. What are the prime factors of g?
7, 337
Let j(l) = l**2 - 22*l + 96. What are the prime factors of j(20)?
2, 7
Let z(d) = 9*d**2 - 17*d + 25. List the prime factors of z(6).
13, 19
What are the prime factors of 648/(-15)*200/(-16)?
2, 3, 5
Let j(z) = -z**2 - 21*z - 1. Let h be j(-19). Let b = h + -9.